s the remainder when d is divided by 44?
31
Let w(y) = 41*y**2 + 3*y - 2. Let d be w(4). Suppose -4*q = -2*j - d, q + 2*j - 171 = 4*j. What is the remainder when q is divided by 43?
36
Let x(i) be the first derivative of -i**3/3 + 10*i**2 - 33*i - 101. What is the remainder when x(8) is divided by 8?
7
Let j(z) = 9*z**2 + 3*z - 5. Let o be j(2). Suppose 0 = -4*f + 61 - o. Calculate the remainder when 22 is divided by f.
4
Let f(d) be the third derivative of -d**4/24 - d**3/3 + 14*d**2. Let q = 71 - 92. Calculate the remainder when 73 is divided by f(q).
16
Let n = -4268 - -4276. What is the remainder when 1/(-3)*-33*2 is divided by n?
6
Let h(n) = -n**3 - 19*n**2 + 2*n + 32. Let p be h(-19). Let s(u) = 2*u**3 + 13*u**2 + 8*u + 15. What is the remainder when 48 is divided by s(p)?
0
Let z = -2 - -9. Suppose -3*l + 100 = -13*l. Let h(c) = -2*c - 4. What is the remainder when h(l) is divided by z?
2
What is the remainder when 134 is divided by (-30)/9 + (-2050)/(-75)?
14
Calculate the remainder when (-8 - (-14 - -2)) + (-109)/(-1) is divided by (48/(-3 - 0))/(6/(-12)).
17
Suppose -2*n = -11*n + 639. Let a = n - 155. Let o = a + 88. Calculate the remainder when 16 is divided by o.
0
Suppose -7*f + 37 = -607. Calculate the remainder when 3488 is divided by f.
84
Let k(n) = 2*n**3 + 12*n + 33 + 19 - 7*n**2 + 2*n**3 - 5*n**3. What is the remainder when 118 is divided by k(-8)?
18
Let l = -3 - -39. Suppose -28*g = -9*g + 114. What is the remainder when -5*(212/g)/((-45)/(-27)) is divided by l?
34
Let i(y) = 10*y - 47. Let k(l) = 62*l - 282. Let j(b) = 39*i(b) - 6*k(b). What is the remainder when j(24) is divided by 99?
93
Suppose -2*g - 4*p = -64, -5*g + 2*p = -2*p - 174. Calculate the remainder when (2960/(-444))/((-4)/111) is divided by g.
15
Let q(j) = 111*j**2 + 10*j + 5. What is the remainder when q(1) is divided by 45?
36
Suppose 14*f - 2*f = 1188. What is the remainder when f is divided by ((-2)/5)/(-8 - 1592/(-200))?
9
Suppose -24 = -i - 15. What is the remainder when (171/(-36))/((-2)/8) is divided by (-16)/(-4) + 3/i*-3?
1
What is the remainder when 42*(24 - 876/(-24)) is divided by 88?
77
What is the remainder when 321 is divided by ((-145)/15)/(2/(-18))?
60
Suppose 15 = -3*h, 2*h + 71 = 3*o - 35. Let p be (1/2)/(9/(5 + 661)). Suppose w = 4*v + p, 4 = -3*v - 11. What is the remainder when o is divided by w?
15
Suppose 0 = -2*g - m + 894 + 115, 0 = -2*g + 2*m + 1012. Let d = -330 + g. Calculate the remainder when d is divided by 22.
21
Let f = -1381 - -1397. Let g(t) = 18*t**2 - t + 4. What is the remainder when g(2) is divided by f?
10
Let k = -143 + 146. What is the remainder when k/(-12)*76*(-5 + 1) is divided by 41?
35
Suppose -4*n - 5 = 3, 32 = 2*o + 5*n. Let y(g) = 52*g - 46. Suppose 13*q - 24*q = -22. What is the remainder when y(q) is divided by o?
16
Let n(c) = 14*c**3 - 6*c**2 + 85*c + 4. What is the remainder when n(6) is divided by 208?
202
Let u(a) = 47*a - 2. Let c be u(1). Let h(m) = -17 + 89*m - 47*m - c*m. What is the remainder when h(-13) is divided by 13?
9
Let n(x) = -x**3 + 30*x**2 - 54*x + 22. Suppose 5*y - 2*y = -2*h + 57, y = 2*h - 53. Suppose 0 = -k + 2*k - h. What is the remainder when n(28) is divided by k?
24
Suppose -9 + 18 = 3*s. Suppose 4*u + 94 = 3*v, -6*v - u + 74 = -s*v. Let z = -668 + 682. What is the remainder when v is divided by z?
12
Suppose -18*o + 44*o - 3353 = 19*o. What is the remainder when 487 is divided by o?
8
Let b = 296 + -120. Suppose -2*u = -4*v - b, u + 2*u = -v + 285. What is the remainder when u is divided by 22 - 1/1*-2?
22
Let i(y) be the third derivative of 2*y**5/15 + 13*y**4/8 + 39*y**3 - 120*y**2. What is the remainder when i(-8) is divided by 29?
28
What is the remainder when (2*-89)/((-319)/23287) is divided by 114?
112
Let f(i) = i - 2*i - 10*i + 2*i**2 + 24. Let v = -591 + 598. What is the remainder when 133 is divided by f(v)?
43
Let y = -34 + 36. Suppose 3*r - 5*a + 90 = -y*r, -a = 3. Let h(m) = -m + 2. What is the remainder when 63 is divided by h(r)?
17
Let c = -351 - -667. Suppose 5*l - 273 = 5*u + 127, 5*u = 4*l - c. Calculate the remainder when l is divided by (17 - 11)*22/6.
18
Let p(w) = -15*w + 309. What is the remainder when 207 is divided by p(18)?
12
Let l(t) = -20*t**2 + 193*t - 55. Calculate the remainder when 105 is divided by l(9).
43
Let h = -395 + 399. Suppose -4*i + 67*b = 64*b - 257, -255 = -h*i + 5*b. Calculate the remainder when 128 is divided by i.
63
Let j be 32/(-64)*1*210. Let g = j - -138. Calculate the remainder when 97 is divided by g.
31
Let r = 36 - 17. Let d(x) = -7*x**2 - x - 6. Let g be d(-3). Let i = 122 + g. Calculate the remainder when i is divided by r.
18
Let i be (-2)/12*-3*(1 + 5). Suppose 0*h + 3*h - i*a = -3, -3*h - 4*a - 10 = 0. Let m(n) = -n + 7. Calculate the remainder when m(h) is divided by 4.
1
Let r(t) = 1080*t + 6516. What is the remainder when 5646 is divided by r(-6)?
30
Let o = 53 + -43. Let b be (-144)/5 - 2/o. Let a = 41 + b. Calculate the remainder when a is divided by 7.
5
Suppose -53*o + 30*o + 3320 = 17*o. What is the remainder when o is divided by 35 + -11 - 3*1?
20
Let b = 5 + -1. Suppose -4*u + b*z + 20 = 0, z - 9 = -3*u + 2*z. Let r(p) = -15*p**2 + 57*p - 24. What is the remainder when r(3) is divided by u?
0
Suppose 944 = -20*d + 28*d. Let n = d + -104. Let b = 79 + -25. What is the remainder when b is divided by n?
12
Let s(j) = j**3 + 5*j**2 - 5*j - 18. Suppose -3*d + 381 = 3*q, 0 = 5*d + 1 - 11. Calculate the remainder when q is divided by s(-5).
6
Let c = 10572 + -10507. Calculate the remainder when 3378 is divided by c.
63
Suppose -12*f = -14 - 82. Suppose -37*l + f*l = -2233. What is the remainder when l is divided by 40?
37
Let c(q) = 0 - 1 - 23 - 57*q + 0*q - 10. What is the remainder when c(-3) is divided by 23?
22
Let p = 6799 + -7044. Let a(l) = -2*l**2 + l. Let o be a(1). What is the remainder when ((-8)/(-20))/(244/p - o) is divided by 20?
18
Let c(l) = -7*l - 38. Let f be c(-6). Suppose 3*v = 3*s - f*s + 25, 0 = -5*v + 2*s + 27. Calculate the remainder when 104 is divided by v.
6
Let a(s) = 6*s**2 + 36*s + 10. Calculate the remainder when a(0) is divided by (-3)/((-10)/4 - -1).
0
Calculate the remainder when 562 is divided by (69/(-21))/(8/(-616)).
56
Let c(p) = -p**2 + 7*p - 3. Suppose 5*t - 23 - 2 = -2*f, -2*f + 3*t + 1 = 0. What is the remainder when 312 is divided by c(f)?
4
Suppose 0 = -3*f - 94 + 703. Let s = f + -70. Suppose -s = -6*b - b. Calculate the remainder when 93 is divided by b.
17
Let a(w) = 156*w + 7. Calculate the remainder when a(3) is divided by (-1 - 160 - -2)/(-3).
51
Suppose 0 = 3*b + 9, -18*v = -14*v + 6*b - 22. Suppose 3*r = 8*r + 4*o - 270, 2*o = -r + 54. Calculate the remainder when r is divided by v.
4
Let i(g) = 3*g**2 - 4*g - 3. Let s = 37 + -50. Let t = 16 - s. Calculate the remainder when t is divided by i(-2).
12
Suppose 4*r - 44 = 20. Suppose 13 = 5*f + a, -f - 3 = -a - 2. Let u(w) = 7*w**3 + 2*w**2 - 3*w - 1. Calculate the remainder when u(f) is divided by r.
9
Let w(b) = 48*b - 30. Let y be w(5). Let x = 239 - y. What is the remainder when 49 is divided by x?
20
Let b be 70/(-21)*4/((-24)/9). Suppose 4 + 46 = 5*g + b*f, 4*g - 46 = -2*f. Let t = -8 + 16. What is the remainder when g is divided by t?
5
Suppose 4*k - r - 691 = 2028, -4*r + 4741 = 7*k. Calculate the remainder when k is divided by 18.
13
Let t(i) = 8 + 0 + 9*i - 73*i**3 + 72*i**3 - 2*i**2. Let m be t(-4). Calculate the remainder when ((m - 5) + (-1)/(-2))*-66 is divided by 18.
15
Suppose q - 17 + 10 - 56 = 0. Calculate the remainder when 505 is divided by q.
1
Let l(k) = 13*k - 66. Let b be -5 + 17 + (-20)/5. What is the remainder when 340 is divided by l(b)?
36
Calculate the remainder when 0/(-1*(-2 + 4)) - -668 is divided by 107.
26
Let f(s) = s**3 + 15*s**2 - 46*s - 465. Calculate the remainder when 1618 is divided by f(-16).
13
Let f = 5 + -45. Let t = f - -41. What is the remainder when 17 is divided by 5/5*3*t?
2
Let v(q) = -23*q - 7*q**2 + 8*q**2 + 6 + 6*q - 30. Calculate the remainder when 89 is divided by v(19).
5
Let n(j) = j**3 + 9*j**2 - 10*j**2 - 3 - 4*j - 6*j**2 - 13 + j. What is the remainder when 187 is divided by n(8)?
19
Suppose 100*t - 312*t + 208396 = 0. What is the remainder w